n 344597 is divided by 114752?
341
Calculate the remainder when 482461 is divided by 1572.
1429
Calculate the remainder when 146146 is divided by 18266.
18
What is the remainder when 39058 is divided by 159?
103
What is the remainder when 1865798 is divided by 46?
38
Calculate the remainder when 15710280 is divided by 127.
126
What is the remainder when 255697 is divided by 1258?
323
Calculate the remainder when 34766 is divided by 6734.
1096
What is the remainder when 856921 is divided by 25195?
291
Calculate the remainder when 6491802 is divided by 138.
6
What is the remainder when 4701098 is divided by 2036?
2010
What is the remainder when 70040474 is divided by 2334682?
14
What is the remainder when 68223572 is divided by 55019?
12
Calculate the remainder when 856117 is divided by 286.
119
What is the remainder when 2826609 is divided by 166270?
19
What is the remainder when 12797478 is divided by 56626?
2
Calculate the remainder when 671628 is divided by 3041.
2608
What is the remainder when 48694 is divided by 6498?
3208
What is the remainder when 221398 is divided by 15811?
44
Calculate the remainder when 22202 is divided by 5419.
526
Calculate the remainder when 29672299 is divided by 194.
193
What is the remainder when 60649 is divided by 1523?
1252
What is the remainder when 7534753 is divided by 559?
551
What is the remainder when 758651 is divided by 1238?
995
Calculate the remainder when 1674608 is divided by 49253.
6
Calculate the remainder when 3127542 is divided by 700.
642
Calculate the remainder when 4732936 is divided by 2085.
2071
Calculate the remainder when 1102203 is divided by 16.
11
What is the remainder when 2851698 is divided by 1660?
1478
Calculate the remainder when 4494 is divided by 80.
14
What is the remainder when 419339 is divided by 209640?
59
What is the remainder when 2246656 is divided by 177?
172
What is the remainder when 105624 is divided by 2708?
12
Calculate the remainder when 97503 is divided by 93995.
3508
What is the remainder when 6142497 is divided by 27?
24
What is the remainder when 14495642 is divided by 325?
317
Calculate the remainder when 1777392 is divided by 791.
15
Calculate the remainder when 3061797 is divided by 3061796.
1
Calculate the remainder when 293488 is divided by 250.
238
Calculate the remainder when 38632621 is divided by 103.
102
Calculate the remainder when 1186331 is divided by 169469.
48
Calculate the remainder when 204424 is divided by 1030.
484
What is the remainder when 10922 is divided by 15?
2
Calculate the remainder when 1326281 is divided by 440.
121
Calculate the remainder when 6725014 is divided by 106746.
16
Calculate the remainder when 438783430 is divided by 313.
311
Calculate the remainder when 3499236 is divided by 3499174.
62
Calculate the remainder when 119481 is divided by 59487.
507
What is the remainder when 649412 is divided by 359?
340
Calculate the remainder when 97291 is divided by 19458.
1
Calculate the remainder when 15830930 is divided by 5801.
1
What is the remainder when 10589530 is divided by 111468?
70
What is the remainder when 1188303 is divided by 178?
153
Calculate the remainder when 13212148 is divided by 5596.
5588
What is the remainder when 44952744 is divided by 53?
52
What is the remainder when 14561117 is divided by 33?
32
Calculate the remainder when 3552591 is divided by 8074.
31
Calculate the remainder when 287143 is divided by 3496.
471
Calculate the remainder when 173821 is divided by 222.
217
Calculate the remainder when 3296024 is divided by 149.
144
What is the remainder when 129301 is divided by 79?
57
Calculate the remainder when 4381625 is divided by 2009.
2005
Calculate the remainder when 24349158 is divided by 110.
108
What is the remainder when 2806644 is divided by 935548?
0
Calculate the remainder when 241077 is divided by 39747.
2595
What is the remainder when 8274413 is divided by 2772?
2765
What is the remainder when 11178533 is divided by 15?
8
What is the remainder when 145968 is divided by 1505?
1488
What is the remainder when 41454884 is divided by 241?
233
What is the remainder when 339858 is divided by 9704?
218
Calculate the remainder when 283827 is divided by 14151.
807
Calculate the remainder when 142811 is divided by 69557.
3697
What is the remainder when 349125 is divided by 33?
18
Calculate the remainder when 330533 is divided by 110099.
236
Calculate the remainder when 198972 is divided by 33121.
246
What is the remainder when 7616781 is divided by 223?
216
Calculate the remainder when 7300945 is divided by 12991.
3
Calculate the remainder when 153126 is divided by 6932.
622
What is the remainder when 171466546 is divided by 1465?
16
What is the remainder when 29348 is divided by 2244?
176
What is the remainder when 117427289 is divided by 14678411?
1
Calculate the remainder when 1498618262 is divided by 46.
40
Calculate the remainder when 1082960 is divided by 8665.
8500
Calculate the remainder when 97444672 is divided by 24361167.
4
What is the remainder when 573929 is divided by 19787?
106
Calculate the remainder when 627057769 is divided by 31.
30
What is the remainder when 40809 is divided by 96?
9
Calculate the remainder when 14867446 is divided by 37.
32
Calculate the remainder when 5331 is divided by 1738.
117
Calculate the remainder when 5548694 is divided by 693575.
94
Calculate the remainder when 787450 is divided by 2061.
148
Calculate the remainder when 287051 is divided by 260.
11
Calculate the remainder when 4213100 is divided by 690.
650
What is the remainder when 1042271 is divided by 1008?
1007
What is the remainder when 13743 is divided by 13739?
4
What is the remainder when 68349435 is divided by 5695786?
3
What is the remainder when 12664 is divided by 2436?
484
Calculate the remainder when 9177120 is divided by 7295.
10
Calculate the remainder when 4128992 is divided by 5719.
5593
Calculate the remainder when 55453 is divided by 48.
13
What is the remainder when 5530862 is divided by 5530832?
30
Calculate the remainder when 55780893 is divided by 233.
227
Calculate the remainder when 288315 is divided by 373.
359
Calculate the remainder when 19963 is divided by 17920.
2043
What is the remainder when 141739496 is divided by 469336?
24
What is the remainder when 2914874 is divided by 156?
14
What is the remainder when 322455 is divided by 836?
595
What is the remainder when 1585180 is divided by 89?
1
Calculate the remainder when 163246 is divided by 16323.
16
What is the remainder when 6928055 is divided by 21?
8
What is the remainder when 1144093 is divided by 6021?
103
Calculate the remainder when 644893 is divided by 321973.
947
What is the remainder when 14744108 is divided by 4099?
5
Calculate the remainder when 8779103 is divided by 81.
80
Calculate the remainder when 1772702 is divided by 9688.
9486
Calculate the remainder when 20061288 is divided by 10030554.
180
Calculate the remainder when 212180 is divided by 859.
7
What is the remainder when 29311841 is divided by 3867?
3848
Calculate the remainder when 75950 is divided by 8998.
3966
What is the remainder when 36236193 is divided by 18118091?
11
What is the remainder when 526688 is divided by 2300?
2288
What is the remainder when 35339260 is divided by 64?
60
What is the remainder when 1166091 is divided by 304?
251
What is the remainder when 1300194 is divided by 3458?
3444
Calculate the remainder when 70130 is divided by 34888.
354
Calculate the remainder when 55952952 is divided by 723.
705
What is the remainder when 1193496887 is divided by 5?
2
What is the remainder when 41130323 is divided by 579300?
23
Calculate the remainder when 762985 is divided by 2271.
2200
Calculate the remainder when 1852662 is divided by 101.
19
Calculate the remainder when 125776903 is divided by 2168567.
17
What is the remainder when 2060012 is divided by 131?
37
What is the remainder when 1040495 is divided by 94462?
1413
What is the remainder when 960784 is divided by 12983?
42
Calculate the remainder when 434699 is divided by 1260.
1259
Calculate the remainder when 27342 is divided by 7584.
4590
What is the remainder when 98710152 is divided by 74274?
6
Calculate the remainder when 9714017 is divided by 7.
5
What is the remain